Last updated on 2024-05-21 11:53:50 CEST.
Flavor | Version | Tinstall | Tcheck | Ttotal | Status | Flags |
---|---|---|---|---|---|---|
r-devel-linux-x86_64-debian-clang | 1.0.6 | 11.61 | 117.48 | 129.09 | NOTE | |
r-devel-linux-x86_64-debian-gcc | 1.0.6 | 6.78 | 85.41 | 92.19 | NOTE | |
r-devel-linux-x86_64-fedora-clang | 1.0.6 | 153.13 | NOTE | |||
r-devel-linux-x86_64-fedora-gcc | 1.0.6 | 160.06 | NOTE | |||
r-devel-windows-x86_64 | 1.0.6 | 9.00 | 118.00 | 127.00 | NOTE | |
r-patched-linux-x86_64 | 1.0.6 | 11.09 | 111.33 | 122.42 | NOTE | |
r-release-linux-x86_64 | 1.0.6 | 10.01 | 111.87 | 121.88 | NOTE | |
r-release-macos-arm64 | 1.0.6 | 49.00 | NOTE | |||
r-release-windows-x86_64 | 1.0.6 | 9.00 | 117.00 | 126.00 | NOTE | |
r-oldrel-macos-arm64 | 1.0.6 | 53.00 | OK | |||
r-oldrel-macos-x86_64 | 1.0.6 | 83.00 | OK | |||
r-oldrel-windows-x86_64 | 1.0.6 | 12.00 | 141.00 | 153.00 | OK |
Version: 1.0.6
Check: Rd files
Result: NOTE
checkRd: (-1) cartesian_to_xy.Rd:21: Lost braces; missing escapes or markup?
21 | in the polar coordinate system, r_k and r_{k+1} are the radius of the two loops at theta + 2*pi*a and theta + 2*pi*(a+1) that below and above the data point,
| ^
Flavors: r-devel-linux-x86_64-debian-clang, r-devel-linux-x86_64-debian-gcc, r-devel-linux-x86_64-fedora-clang, r-devel-linux-x86_64-fedora-gcc, r-devel-windows-x86_64, r-patched-linux-x86_64, r-release-linux-x86_64, r-release-macos-arm64, r-release-windows-x86_64