Last updated on 2024-05-11 11:48:32 CEST.
Flavor | Version | Tinstall | Tcheck | Ttotal | Status | Flags |
---|---|---|---|---|---|---|
r-devel-linux-x86_64-debian-clang | 0.3-5.1 | 6.11 | 27.41 | 33.52 | NOTE | |
r-devel-linux-x86_64-debian-gcc | 0.3-5.1 | 4.22 | 21.54 | 25.76 | NOTE | |
r-devel-linux-x86_64-fedora-clang | 0.3-5.1 | 43.43 | NOTE | |||
r-devel-linux-x86_64-fedora-gcc | 0.3-5.1 | 49.40 | NOTE | |||
r-devel-windows-x86_64 | 0.3-5.1 | 7.00 | 45.00 | 52.00 | NOTE | |
r-patched-linux-x86_64 | 0.3-5.1 | 5.56 | 25.90 | 31.46 | NOTE | |
r-release-linux-x86_64 | 0.3-5.1 | 5.03 | 26.67 | 31.70 | NOTE | |
r-release-macos-arm64 | 0.3-5.1 | 18.00 | NOTE | |||
r-release-windows-x86_64 | 0.3-5.1 | 7.00 | 46.00 | 53.00 | NOTE | |
r-oldrel-macos-arm64 | 0.3-5.1 | 18.00 | NOTE | |||
r-oldrel-macos-x86_64 | 0.3-5.1 | 25.00 | NOTE | |||
r-oldrel-windows-x86_64 | 0.3-5.1 | 9.00 | 62.00 | 71.00 | NOTE |
Version: 0.3-5.1
Check: Rd files
Result: NOTE
checkRd: (-1) plot.som.Rd:27: Escaped LaTeX specials: \_
checkRd: (-1) som.Rd:128: Escaped LaTeX specials: \_
Flavors: r-devel-linux-x86_64-debian-clang, r-devel-linux-x86_64-debian-gcc, r-devel-linux-x86_64-fedora-clang, r-devel-linux-x86_64-fedora-gcc, r-devel-windows-x86_64, r-patched-linux-x86_64, r-release-linux-x86_64, r-release-macos-arm64, r-release-windows-x86_64, r-oldrel-macos-arm64, r-oldrel-macos-x86_64, r-oldrel-windows-x86_64
Version: 0.3-5.1
Check: compiled code
Result: NOTE
File ‘som/libs/som.so’:
Found no calls to: ‘R_registerRoutines’, ‘R_useDynamicSymbols’
It is good practice to register native routines and to disable symbol
search.
See ‘Writing portable packages’ in the ‘Writing R Extensions’ manual.
Flavors: r-devel-linux-x86_64-fedora-clang, r-devel-linux-x86_64-fedora-gcc