Last updated on 2024-05-11 11:48:32 CEST.
Flavor | Version | Tinstall | Tcheck | Ttotal | Status | Flags |
---|---|---|---|---|---|---|
r-devel-linux-x86_64-debian-clang | 0.46 | 12.37 | 85.24 | 97.61 | OK | |
r-devel-linux-x86_64-debian-gcc | 0.46 | 9.86 | 63.05 | 72.91 | OK | |
r-devel-linux-x86_64-fedora-clang | 0.46 | 118.35 | OK | |||
r-devel-linux-x86_64-fedora-gcc | 0.46 | 186.22 | OK | |||
r-devel-windows-x86_64 | 0.46 | 11.00 | 98.00 | 109.00 | OK | |
r-patched-linux-x86_64 | 0.46 | 19.75 | 81.94 | 101.69 | OK | |
r-release-linux-x86_64 | 0.46 | 8.74 | 84.47 | 93.21 | OK | |
r-release-macos-arm64 | 0.46 | 35.00 | OK | |||
r-release-windows-x86_64 | 0.46 | 12.00 | 96.00 | 108.00 | OK | |
r-oldrel-macos-arm64 | 0.46 | 40.00 | OK | |||
r-oldrel-macos-x86_64 | 0.46 | 60.00 | NOTE | |||
r-oldrel-windows-x86_64 | 0.46 | 14.00 | 109.00 | 123.00 | OK |
Version: 0.46
Check: package dependencies
Result: NOTE
Packages suggested but not available for checking:
'raster', 'rasterVis', 'meteoForecast'
Flavor: r-oldrel-macos-x86_64