Last updated on 2024-05-11 05:54:44 CEST.
Flavor | Version | Tinstall | Tcheck | Ttotal | Status | Flags |
---|---|---|---|---|---|---|
r-devel-linux-x86_64-debian-clang | 0.2.1 | 5.92 | 61.10 | 67.02 | OK | |
r-devel-linux-x86_64-debian-gcc | 0.2.1 | 4.25 | 47.68 | 51.93 | OK | |
r-devel-linux-x86_64-fedora-clang | 0.2.1 | 84.79 | NOTE | |||
r-devel-linux-x86_64-fedora-gcc | 0.2.1 | 128.30 | NOTE | |||
r-devel-windows-x86_64 | 0.2.1 | 7.00 | 67.00 | 74.00 | OK | |
r-patched-linux-x86_64 | 0.2.1 | 4.03 | 60.48 | 64.51 | OK | |
r-release-linux-x86_64 | 0.2.1 | 3.93 | 59.81 | 63.74 | OK | |
r-release-macos-arm64 | 0.2.1 | 34.00 | OK | |||
r-release-windows-x86_64 | 0.2.1 | 7.00 | 64.00 | 71.00 | OK | |
r-oldrel-macos-arm64 | 0.2.1 | 35.00 | OK | |||
r-oldrel-macos-x86_64 | 0.2.1 | 47.00 | OK | |||
r-oldrel-windows-x86_64 | 0.2.1 | 8.00 | 71.00 | 79.00 | OK |
Version: 0.2.1
Check: dependencies in R code
Result: NOTE
Namespaces in Imports field not imported from:
‘class’ ‘forcats’ ‘irr’ ‘lpSolve’ ‘purrr’
All declared Imports should be used.
Flavors: r-devel-linux-x86_64-fedora-clang, r-devel-linux-x86_64-fedora-gcc