Last updated on 2024-05-21 11:53:38 CEST.
Flavor | Version | Tinstall | Tcheck | Ttotal | Status | Flags |
---|---|---|---|---|---|---|
r-devel-linux-x86_64-debian-clang | 0.1.2 | 4.55 | 37.38 | 41.93 | NOTE | |
r-devel-linux-x86_64-debian-gcc | 0.1.2 | 3.08 | 28.65 | 31.73 | NOTE | |
r-devel-linux-x86_64-fedora-clang | 0.1.2 | 51.08 | NOTE | |||
r-devel-linux-x86_64-fedora-gcc | 0.1.2 | 49.74 | NOTE | |||
r-devel-windows-x86_64 | 0.1.2 | 5.00 | 49.00 | 54.00 | NOTE | |
r-patched-linux-x86_64 | 0.1.2 | 4.28 | 35.64 | 39.92 | NOTE | |
r-release-linux-x86_64 | 0.1.2 | 3.46 | 36.26 | 39.72 | NOTE | |
r-release-macos-arm64 | 0.1.2 | 20.00 | NOTE | |||
r-release-windows-x86_64 | 0.1.2 | 6.00 | 49.00 | 55.00 | NOTE | |
r-oldrel-macos-arm64 | 0.1.2 | 20.00 | NOTE | |||
r-oldrel-macos-x86_64 | 0.1.2 | 27.00 | NOTE | |||
r-oldrel-windows-x86_64 | 0.1.2 | 6.00 | 53.00 | 59.00 | NOTE |
Version: 0.1.2
Check: Rd files
Result: NOTE
checkRd: (-1) markdownInput.Rd:17: Lost braces
17 | \item{inputId}{The code{input} slot that will be used to access the value.}
| ^
checkRd: (-1) markdownInput.Rd:35: Lost braces in \enumerate; \value handles \item{}{} directly
checkRd: (-1) markdownInput.Rd:36: Lost braces in \enumerate; \value handles \item{}{} directly
checkRd: (-1) markdownInput.Rd:81-82: Lost braces in \enumerate; meant \describe ?
checkRd: (-1) markdownInput.Rd:84-86: Lost braces in \enumerate; meant \describe ?
checkRd: (-1) markdownInput.Rd:89-90: Lost braces in \enumerate; meant \describe ?
checkRd: (-1) moduleMarkdownInput.Rd:64-65: Lost braces in \enumerate; meant \describe ?
checkRd: (-1) moduleMarkdownInput.Rd:67-69: Lost braces in \enumerate; meant \describe ?
checkRd: (-1) moduleMarkdownInput.Rd:72-73: Lost braces in \enumerate; meant \describe ?
Flavors: r-devel-linux-x86_64-debian-clang, r-devel-linux-x86_64-debian-gcc, r-devel-linux-x86_64-fedora-clang, r-devel-linux-x86_64-fedora-gcc, r-devel-windows-x86_64, r-patched-linux-x86_64, r-release-linux-x86_64, r-release-macos-arm64, r-release-windows-x86_64
Version: 0.1.2
Check: LazyData
Result: NOTE
'LazyData' is specified without a 'data' directory
Flavors: r-devel-linux-x86_64-debian-clang, r-devel-linux-x86_64-debian-gcc, r-devel-linux-x86_64-fedora-clang, r-devel-linux-x86_64-fedora-gcc, r-devel-windows-x86_64, r-patched-linux-x86_64, r-release-linux-x86_64, r-release-macos-arm64, r-release-windows-x86_64, r-oldrel-macos-arm64, r-oldrel-macos-x86_64, r-oldrel-windows-x86_64