Last updated on 2024-05-21 11:53:38 CEST.
Flavor | Version | Tinstall | Tcheck | Ttotal | Status | Flags |
---|---|---|---|---|---|---|
r-devel-linux-x86_64-debian-clang | 0.2 | 1.85 | 29.51 | 31.36 | OK | |
r-devel-linux-x86_64-debian-gcc | 0.2 | 1.78 | 22.73 | 24.51 | OK | |
r-devel-linux-x86_64-fedora-clang | 0.2 | 41.09 | NOTE | |||
r-devel-linux-x86_64-fedora-gcc | 0.2 | 51.86 | NOTE | |||
r-devel-windows-x86_64 | 0.2 | 2.00 | 45.00 | 47.00 | OK | |
r-patched-linux-x86_64 | 0.2 | 2.17 | 28.83 | 31.00 | OK | |
r-release-linux-x86_64 | 0.2 | 2.30 | 28.33 | 30.63 | OK | |
r-release-macos-arm64 | 0.2 | 23.00 | OK | |||
r-release-windows-x86_64 | 0.2 | 3.00 | 46.00 | 49.00 | OK | |
r-oldrel-macos-arm64 | 0.2 | 24.00 | OK | |||
r-oldrel-macos-x86_64 | 0.2 | 34.00 | OK | |||
r-oldrel-windows-x86_64 | 0.2 | 3.00 | 48.00 | 51.00 | OK |
Version: 0.2
Check: data for non-ASCII characters
Result: NOTE
Note: found 134 marked UTF-8 strings
Flavors: r-devel-linux-x86_64-fedora-clang, r-devel-linux-x86_64-fedora-gcc