Last updated on 2024-05-21 11:53:38 CEST.
Flavor | Version | Tinstall | Tcheck | Ttotal | Status | Flags |
---|---|---|---|---|---|---|
r-devel-linux-x86_64-debian-clang | 1.0 | 19.52 | 149.06 | 168.58 | OK | |
r-devel-linux-x86_64-debian-gcc | 1.0 | 14.01 | 107.27 | 121.28 | OK | |
r-devel-linux-x86_64-fedora-clang | 1.0 | 207.04 | NOTE | |||
r-devel-linux-x86_64-fedora-gcc | 1.0 | 193.83 | OK | |||
r-devel-windows-x86_64 | 1.0 | 15.00 | 119.00 | 134.00 | OK | |
r-patched-linux-x86_64 | 1.0 | 17.36 | 140.40 | 157.76 | OK | |
r-release-linux-x86_64 | 1.0 | 12.89 | 140.18 | 153.07 | OK | |
r-release-macos-arm64 | 1.0 | 56.00 | OK | |||
r-release-windows-x86_64 | 1.0 | 17.00 | 114.00 | 131.00 | OK | |
r-oldrel-macos-arm64 | 1.0 | 61.00 | OK | |||
r-oldrel-macos-x86_64 | 1.0 | 80.00 | OK | |||
r-oldrel-windows-x86_64 | 1.0 | 22.00 | 144.00 | 166.00 | OK |
Version: 1.0
Check: package dependencies
Result: NOTE
Imports includes 21 non-default packages.
Importing from so many packages makes the package vulnerable to any of
them becoming unavailable. Move as many as possible to Suggests and
use conditionally.
Flavor: r-devel-linux-x86_64-fedora-clang