Last updated on 2024-05-21 17:50:00 CEST.
Flavor | Version | Tinstall | Tcheck | Ttotal | Status | Flags |
---|---|---|---|---|---|---|
r-devel-linux-x86_64-debian-clang | 0.0.1 | 6.46 | 73.89 | 80.35 | NOTE | |
r-devel-linux-x86_64-debian-gcc | 0.0.1 | 6.13 | 56.09 | 62.22 | NOTE | |
r-devel-linux-x86_64-fedora-clang | 0.0.1 | 102.73 | NOTE | |||
r-devel-linux-x86_64-fedora-gcc | 0.0.1 | 100.82 | NOTE | |||
r-devel-windows-x86_64 | 0.0.1 | 7.00 | 69.00 | 76.00 | NOTE | |
r-patched-linux-x86_64 | 0.0.1 | 9.27 | 71.71 | 80.98 | NOTE | |
r-release-linux-x86_64 | 0.0.1 | 8.80 | 71.60 | 80.40 | NOTE | |
r-release-macos-arm64 | 0.0.1 | 31.00 | NOTE | |||
r-release-windows-x86_64 | 0.0.1 | 9.00 | 69.00 | 78.00 | NOTE | |
r-oldrel-macos-arm64 | 0.0.1 | 35.00 | NOTE | |||
r-oldrel-macos-x86_64 | 0.0.1 | 55.00 | NOTE | |||
r-oldrel-windows-x86_64 | 0.0.1 | 10.00 | 82.00 | 92.00 | NOTE |
Version: 0.0.1
Check: LazyData
Result: NOTE
'LazyData' is specified without a 'data' directory
Flavors: r-devel-linux-x86_64-debian-clang, r-devel-linux-x86_64-debian-gcc, r-devel-linux-x86_64-fedora-clang, r-devel-linux-x86_64-fedora-gcc, r-devel-windows-x86_64, r-patched-linux-x86_64, r-release-linux-x86_64, r-release-macos-arm64, r-release-windows-x86_64, r-oldrel-macos-arm64, r-oldrel-macos-x86_64, r-oldrel-windows-x86_64