Last updated on 2024-05-21 17:50:00 CEST.
Flavor | Version | Tinstall | Tcheck | Ttotal | Status | Flags |
---|---|---|---|---|---|---|
r-devel-linux-x86_64-debian-clang | 0.2.7 | 10.21 | 44.14 | 54.35 | NOTE | |
r-devel-linux-x86_64-debian-gcc | 0.2.7 | 6.64 | 34.75 | 41.39 | NOTE | |
r-devel-linux-x86_64-fedora-clang | 0.2.7 | 79.94 | NOTE | |||
r-devel-linux-x86_64-fedora-gcc | 0.2.7 | 87.80 | NOTE | |||
r-devel-windows-x86_64 | 0.2.7 | 14.00 | 69.00 | 83.00 | NOTE | |
r-patched-linux-x86_64 | 0.2.7 | 11.86 | 42.57 | 54.43 | NOTE | |
r-release-linux-x86_64 | 0.2.7 | 8.97 | 44.64 | 53.61 | NOTE | |
r-release-macos-arm64 | 0.2.7 | 33.00 | NOTE | |||
r-release-windows-x86_64 | 0.2.7 | 15.00 | 73.00 | 88.00 | NOTE | |
r-oldrel-macos-arm64 | 0.2.7 | 35.00 | NOTE | |||
r-oldrel-macos-x86_64 | 0.2.7 | 52.00 | NOTE | |||
r-oldrel-windows-x86_64 | 0.2.7 | 15.00 | 84.00 | 99.00 | NOTE |
Version: 0.2.7
Check: C++ specification
Result: NOTE
Specified C++11: please drop specification unless essential
Flavors: r-devel-linux-x86_64-debian-clang, r-devel-linux-x86_64-debian-gcc, r-devel-linux-x86_64-fedora-clang, r-devel-linux-x86_64-fedora-gcc, r-devel-windows-x86_64, r-patched-linux-x86_64, r-release-linux-x86_64, r-release-macos-arm64, r-release-windows-x86_64, r-oldrel-macos-arm64, r-oldrel-macos-x86_64, r-oldrel-windows-x86_64
Version: 0.2.7
Check: compiled code
Result: NOTE
File ‘isoband/libs/isoband.so’:
Found non-API call to R: ‘SETLENGTH’
Compiled code should not call non-API entry points in R.
See ‘Writing portable packages’ in the ‘Writing R Extensions’ manual.
Flavors: r-devel-linux-x86_64-debian-clang, r-devel-linux-x86_64-debian-gcc, r-devel-linux-x86_64-fedora-clang, r-devel-linux-x86_64-fedora-gcc
Version: 0.2.7
Check: compiled code
Result: NOTE
File 'isoband/libs/x64/isoband.dll':
Found non-API call to R: 'SETLENGTH'
Compiled code should not call non-API entry points in R.
See 'Writing portable packages' in the 'Writing R Extensions' manual.
Flavor: r-devel-windows-x86_64