Last updated on 2024-05-21 17:49:53 CEST.
Flavor | Version | Tinstall | Tcheck | Ttotal | Status | Flags |
---|---|---|---|---|---|---|
r-devel-linux-x86_64-debian-clang | 0.0-8 | 2.43 | 22.65 | 25.08 | NOTE | |
r-devel-linux-x86_64-debian-gcc | 0.0-8 | 1.75 | 17.34 | 19.09 | NOTE | |
r-devel-linux-x86_64-fedora-clang | 0.0-8 | 32.40 | NOTE | |||
r-devel-linux-x86_64-fedora-gcc | 0.0-8 | 29.24 | NOTE | |||
r-devel-windows-x86_64 | 0.0-8 | 3.00 | 37.00 | 40.00 | NOTE | |
r-patched-linux-x86_64 | 0.0-8 | 2.24 | 21.15 | 23.39 | NOTE | |
r-release-linux-x86_64 | 0.0-8 | 2.00 | 20.95 | 22.95 | NOTE | |
r-release-macos-arm64 | 0.0-8 | 16.00 | NOTE | |||
r-release-windows-x86_64 | 0.0-8 | 3.00 | 37.00 | 40.00 | NOTE | |
r-oldrel-macos-arm64 | 0.0-8 | 16.00 | NOTE | |||
r-oldrel-macos-x86_64 | 0.0-8 | 19.00 | NOTE | |||
r-oldrel-windows-x86_64 | 0.0-8 | 3.00 | 37.00 | 40.00 | NOTE |
Version: 0.0-8
Check: DESCRIPTION meta-information
Result: NOTE
Malformed Description field: should contain one or more complete sentences.
Flavors: r-devel-linux-x86_64-debian-clang, r-devel-linux-x86_64-debian-gcc, r-devel-linux-x86_64-fedora-clang, r-devel-linux-x86_64-fedora-gcc, r-devel-windows-x86_64, r-patched-linux-x86_64, r-release-linux-x86_64, r-release-macos-arm64, r-release-windows-x86_64, r-oldrel-macos-arm64, r-oldrel-macos-x86_64, r-oldrel-windows-x86_64
Version: 0.0-8
Check: Rd files
Result: NOTE
checkRd: (-1) xsimplex.Rd:6: Lost braces; missing escapes or markup?
6 | Generates all points on a {p,n} simplex lattice (i.e. a p-part
| ^
Flavors: r-devel-linux-x86_64-debian-clang, r-devel-linux-x86_64-debian-gcc, r-devel-linux-x86_64-fedora-clang, r-devel-linux-x86_64-fedora-gcc, r-devel-windows-x86_64, r-patched-linux-x86_64, r-release-linux-x86_64, r-release-macos-arm64, r-release-windows-x86_64