Last updated on 2024-05-21 11:53:28 CEST.
Flavor | Version | Tinstall | Tcheck | Ttotal | Status | Flags |
---|---|---|---|---|---|---|
r-devel-linux-x86_64-debian-clang | 0.1-0 | 8.66 | 67.93 | 76.59 | NOTE | |
r-devel-linux-x86_64-debian-gcc | 0.1-0 | 7.27 | 51.71 | 58.98 | NOTE | |
r-devel-linux-x86_64-fedora-clang | 0.1-0 | 111.72 | NOTE | |||
r-devel-linux-x86_64-fedora-gcc | 0.1-0 | 107.23 | NOTE | |||
r-devel-windows-x86_64 | 0.1-0 | 10.00 | 80.00 | 90.00 | NOTE | |
r-patched-linux-x86_64 | 0.1-0 | 10.02 | 64.89 | 74.91 | NOTE | |
r-release-linux-x86_64 | 0.1-0 | 9.97 | 65.87 | 75.84 | NOTE | |
r-release-macos-arm64 | 0.1-0 | 39.00 | NOTE | |||
r-release-windows-x86_64 | 0.1-0 | 10.00 | 82.00 | 92.00 | NOTE | |
r-oldrel-macos-arm64 | 0.1-0 | 38.00 | OK | |||
r-oldrel-macos-x86_64 | 0.1-0 | 58.00 | OK | |||
r-oldrel-windows-x86_64 | 0.1-0 | 12.00 | 88.00 | 100.00 | OK |
Version: 0.1-0
Check: Rd files
Result: NOTE
checkRd: (-1) depreciation-class.Rd:43: Lost braces in \itemize; meant \describe ?
checkRd: (-1) depreciation-class.Rd:44: Lost braces in \itemize; meant \describe ?
checkRd: (-1) depreciation-class.Rd:45: Lost braces in \itemize; meant \describe ?
checkRd: (-1) depreciation-class.Rd:46-47: Lost braces in \itemize; meant \describe ?
checkRd: (-1) loan-class.Rd:46-48: Lost braces in \itemize; meant \describe ?
checkRd: (-1) loan-class.Rd:49: Lost braces in \itemize; meant \describe ?
checkRd: (-1) loan-class.Rd:50-51: Lost braces in \itemize; meant \describe ?
checkRd: (-1) model2df-methods.Rd:32-33: Lost braces in \itemize; meant \describe ?
checkRd: (-1) model2df-methods.Rd:34-35: Lost braces in \itemize; meant \describe ?
checkRd: (-1) model2df-methods.Rd:36-37: Lost braces in \itemize; meant \describe ?
checkRd: (-1) model2df-methods.Rd:38-39: Lost braces in \itemize; meant \describe ?
Flavors: r-devel-linux-x86_64-debian-clang, r-devel-linux-x86_64-debian-gcc, r-devel-linux-x86_64-fedora-clang, r-devel-linux-x86_64-fedora-gcc, r-devel-windows-x86_64, r-patched-linux-x86_64, r-release-linux-x86_64, r-release-macos-arm64, r-release-windows-x86_64