Last updated on 2024-05-21 11:53:26 CEST.
Flavor | Version | Tinstall | Tcheck | Ttotal | Status | Flags |
---|---|---|---|---|---|---|
r-devel-linux-x86_64-debian-clang | 0.3.0 | 104.43 | 30.25 | 134.68 | OK | |
r-devel-linux-x86_64-debian-gcc | 0.3.0 | 77.73 | 29.88 | 107.61 | OK | |
r-devel-linux-x86_64-fedora-clang | 0.3.0 | 172.05 | OK | |||
r-devel-linux-x86_64-fedora-gcc | 0.3.0 | 207.01 | OK | |||
r-devel-windows-x86_64 | 0.3.0 | 72.00 | 70.00 | 142.00 | OK | |
r-patched-linux-x86_64 | 0.3.0 | 104.07 | 36.90 | 140.97 | OK | |
r-release-linux-x86_64 | 0.3.0 | 106.08 | 36.58 | 142.66 | OK | |
r-release-macos-arm64 | 0.3.0 | 43.00 | NOTE | |||
r-release-windows-x86_64 | 0.3.0 | 71.00 | 66.00 | 137.00 | OK | |
r-oldrel-macos-arm64 | 0.3.0 | 48.00 | NOTE | |||
r-oldrel-macos-x86_64 | 0.3.0 | 69.00 | NOTE | |||
r-oldrel-windows-x86_64 | 0.3.0 | 93.00 | 77.00 | 170.00 | OK |
Version: 0.3.0
Check: installed package size
Result: NOTE
installed size is 19.7Mb
sub-directories of 1Mb or more:
libs 19.6Mb
Flavors: r-release-macos-arm64, r-oldrel-macos-arm64, r-oldrel-macos-x86_64