Last updated on 2024-05-21 17:49:51 CEST.
Flavor | Version | Tinstall | Tcheck | Ttotal | Status | Flags |
---|---|---|---|---|---|---|
r-devel-linux-x86_64-debian-clang | 0.1.0 | 2.76 | 30.94 | 33.70 | NOTE | |
r-devel-linux-x86_64-debian-gcc | 0.1.0 | 2.31 | 23.74 | 26.05 | NOTE | |
r-devel-linux-x86_64-fedora-clang | 0.1.0 | 46.79 | NOTE | |||
r-devel-linux-x86_64-fedora-gcc | 0.1.0 | 52.75 | NOTE | |||
r-devel-windows-x86_64 | 0.1.0 | 4.00 | 46.00 | 50.00 | NOTE | |
r-patched-linux-x86_64 | 0.1.0 | 2.64 | 29.35 | 31.99 | NOTE | |
r-release-linux-x86_64 | 0.1.0 | 1.89 | 29.37 | 31.26 | NOTE | |
r-release-macos-arm64 | 0.1.0 | 25.00 | NOTE | |||
r-release-windows-x86_64 | 0.1.0 | 4.00 | 46.00 | 50.00 | NOTE | |
r-oldrel-macos-arm64 | 0.1.0 | 25.00 | NOTE | |||
r-oldrel-macos-x86_64 | 0.1.0 | 35.00 | NOTE | |||
r-oldrel-windows-x86_64 | 0.1.0 | 5.00 | 50.00 | 55.00 | NOTE |
Version: 0.1.0
Check: LazyData
Result: NOTE
'LazyData' is specified without a 'data' directory
Flavors: r-devel-linux-x86_64-debian-clang, r-devel-linux-x86_64-debian-gcc, r-devel-linux-x86_64-fedora-clang, r-devel-linux-x86_64-fedora-gcc, r-devel-windows-x86_64, r-patched-linux-x86_64, r-release-linux-x86_64, r-release-macos-arm64, r-release-windows-x86_64, r-oldrel-macos-arm64, r-oldrel-macos-x86_64, r-oldrel-windows-x86_64
Version: 0.1.0
Check: dependencies in R code
Result: NOTE
Namespaces in Imports field not imported from:
‘bannerCommenter’ ‘config’ ‘feather’ ‘here’ ‘knitr’ ‘log4r’ ‘ps’
‘rmarkdown’ ‘skimr’ ‘snakecase’ ‘testthat’ ‘tidyverse’
All declared Imports should be used.
Flavors: r-devel-linux-x86_64-fedora-clang, r-devel-linux-x86_64-fedora-gcc