Last updated on 2024-05-21 11:53:50 CEST.
Flavor | Version | Tinstall | Tcheck | Ttotal | Status | Flags |
---|---|---|---|---|---|---|
r-devel-linux-x86_64-debian-clang | 0.8.2 | 84.87 | 224.15 | 309.02 | NOTE | |
r-devel-linux-x86_64-debian-gcc | 0.8.2 | 54.87 | 146.51 | 201.38 | NOTE | |
r-devel-linux-x86_64-fedora-clang | 0.8.2 | 389.79 | NOTE | |||
r-devel-linux-x86_64-fedora-gcc | 0.8.2 | 406.52 | NOTE | |||
r-devel-windows-x86_64 | 0.8.2 | 69.00 | 188.00 | 257.00 | NOTE | |
r-patched-linux-x86_64 | 0.8.2 | 79.25 | 190.03 | 269.28 | NOTE | |
r-release-linux-x86_64 | 0.8.2 | 81.16 | 199.56 | 280.72 | NOTE | |
r-release-macos-arm64 | 0.8.2 | 102.00 | NOTE | |||
r-release-windows-x86_64 | 0.8.2 | 67.00 | 188.00 | 255.00 | NOTE | |
r-oldrel-macos-arm64 | 0.8.2 | 116.00 | NOTE | |||
r-oldrel-macos-x86_64 | 0.8.2 | 179.00 | NOTE | |||
r-oldrel-windows-x86_64 | 0.8.2 | 82.00 | 216.00 | 298.00 | NOTE |
Version: 0.8.2
Check: C++ specification
Result: NOTE
Specified C++11: please drop specification unless essential
Flavors: r-devel-linux-x86_64-debian-clang, r-devel-linux-x86_64-debian-gcc, r-devel-linux-x86_64-fedora-clang, r-devel-linux-x86_64-fedora-gcc, r-devel-windows-x86_64, r-patched-linux-x86_64, r-release-linux-x86_64, r-release-macos-arm64, r-release-windows-x86_64, r-oldrel-macos-arm64, r-oldrel-macos-x86_64, r-oldrel-windows-x86_64
Version: 0.8.2
Check: Rd files
Result: NOTE
checkRd: (-1) knockoffGenotypes.Rd:32: Lost braces; missing escapes or markup?
32 | This function efficiently constructs group-knockoffs of {0,1,2} variables distributed
| ^
checkRd: (-1) knockoffGenotypes.Rd:11: Lost braces; missing escapes or markup?
11 | \item{X}{a {0,1,2} matrix of size n-by-p containing the original variables.}
| ^
checkRd: (-1) knockoffGenotypes.Rd:29: Lost braces; missing escapes or markup?
29 | A {0,1,2} matrix of size n-by-p containing the knockoff variables.
| ^
Flavors: r-devel-linux-x86_64-debian-clang, r-devel-linux-x86_64-debian-gcc, r-devel-linux-x86_64-fedora-clang, r-devel-linux-x86_64-fedora-gcc, r-devel-windows-x86_64, r-patched-linux-x86_64, r-release-linux-x86_64, r-release-macos-arm64, r-release-windows-x86_64
Version: 0.8.2
Check: installed package size
Result: NOTE
installed size is 6.1Mb
sub-directories of 1Mb or more:
extdata 3.1Mb
libs 2.7Mb
Flavors: r-release-macos-arm64, r-oldrel-macos-arm64, r-oldrel-macos-x86_64