Last updated on 2024-05-21 17:50:09 CEST.
Flavor | Version | Tinstall | Tcheck | Ttotal | Status | Flags |
---|---|---|---|---|---|---|
r-devel-linux-x86_64-debian-clang | 1.8.0 | 2.88 | 27.61 | 30.49 | NOTE | |
r-devel-linux-x86_64-debian-gcc | 1.8.0 | 2.26 | 20.86 | 23.12 | NOTE | |
r-devel-linux-x86_64-fedora-clang | 1.8.0 | 37.65 | NOTE | |||
r-devel-linux-x86_64-fedora-gcc | 1.8.0 | 35.80 | NOTE | |||
r-devel-windows-x86_64 | 1.8.0 | 3.00 | 46.00 | 49.00 | OK | |
r-patched-linux-x86_64 | 1.8.0 | 3.00 | 25.57 | 28.57 | NOTE | |
r-release-linux-x86_64 | 1.8.0 | 2.85 | 25.71 | 28.56 | NOTE | |
r-release-macos-arm64 | 1.8.0 | 18.00 | OK | |||
r-release-windows-x86_64 | 1.8.0 | 3.00 | 45.00 | 48.00 | OK | |
r-oldrel-macos-arm64 | 1.8.0 | 19.00 | OK | |||
r-oldrel-macos-x86_64 | 1.8.0 | 22.00 | OK | |||
r-oldrel-windows-x86_64 | 1.8.0 | 3.00 | 43.00 | 46.00 | OK |
Version: 1.8.0
Check: for non-standard things in the check directory
Result: NOTE
Found the following files/directories:
‘Tsttwalk.dat’
Flavors: r-devel-linux-x86_64-debian-clang, r-devel-linux-x86_64-debian-gcc, r-devel-linux-x86_64-fedora-clang, r-devel-linux-x86_64-fedora-gcc, r-patched-linux-x86_64, r-release-linux-x86_64