Last updated on 2024-05-21 11:53:44 CEST.
Flavor | Version | Tinstall | Tcheck | Ttotal | Status | Flags |
---|---|---|---|---|---|---|
r-devel-linux-x86_64-debian-clang | 0.16.12 | 11.27 | 96.91 | 108.18 | OK | |
r-devel-linux-x86_64-debian-gcc | 0.16.12 | 9.21 | 72.37 | 81.58 | OK | |
r-devel-linux-x86_64-fedora-clang | 0.16.12 | 139.96 | NOTE | |||
r-devel-linux-x86_64-fedora-gcc | 0.16.12 | 130.65 | NOTE | |||
r-devel-windows-x86_64 | 0.16.12 | 12.00 | 86.00 | 98.00 | OK | |
r-patched-linux-x86_64 | 0.16.12 | 14.40 | 93.89 | 108.29 | OK | |
r-release-linux-x86_64 | 0.16.12 | 10.27 | 94.96 | 105.23 | OK | |
r-release-macos-arm64 | 0.16.12 | 42.00 | OK | |||
r-release-windows-x86_64 | 0.16.12 | 13.00 | 87.00 | 100.00 | OK | |
r-oldrel-macos-arm64 | 0.16.12 | 43.00 | OK | |||
r-oldrel-macos-x86_64 | 0.16.12 | 71.00 | OK | |||
r-oldrel-windows-x86_64 | 0.16.12 | 17.00 | 99.00 | 116.00 | OK |
Version: 0.16.12
Check: data for non-ASCII characters
Result: NOTE
Note: found 1 marked UTF-8 string
Flavors: r-devel-linux-x86_64-fedora-clang, r-devel-linux-x86_64-fedora-gcc