Last updated on 2024-05-21 17:49:55 CEST.
Flavor | Version | Tinstall | Tcheck | Ttotal | Status | Flags |
---|---|---|---|---|---|---|
r-devel-linux-x86_64-debian-clang | 1.0.1 | 2.50 | 28.39 | 30.89 | NOTE | |
r-devel-linux-x86_64-debian-gcc | 1.0.1 | 1.88 | 21.87 | 23.75 | NOTE | |
r-devel-linux-x86_64-fedora-clang | 1.0.1 | 38.55 | NOTE | |||
r-devel-linux-x86_64-fedora-gcc | 1.0.1 | 36.23 | NOTE | |||
r-devel-windows-x86_64 | 1.0.1 | 3.00 | 46.00 | 49.00 | NOTE | |
r-patched-linux-x86_64 | 1.0.1 | 2.45 | 26.61 | 29.06 | NOTE | |
r-release-linux-x86_64 | 1.0.1 | 2.23 | 27.31 | 29.54 | NOTE | |
r-release-macos-arm64 | 1.0.1 | 18.00 | NOTE | |||
r-release-windows-x86_64 | 1.0.1 | 3.00 | 45.00 | 48.00 | NOTE | |
r-oldrel-macos-arm64 | 1.0.1 | 18.00 | NOTE | |||
r-oldrel-macos-x86_64 | 1.0.1 | 24.00 | NOTE | |||
r-oldrel-windows-x86_64 | 1.0.1 | 4.00 | 54.00 | 58.00 | NOTE |
Version: 1.0.1
Check: package subdirectories
Result: NOTE
Problems with news in ‘NEWS.md’:
Cannot extract version info from the following section titles:
Changes from previous package DecompHoriuchi
Flavors: r-devel-linux-x86_64-debian-clang, r-devel-linux-x86_64-debian-gcc, r-devel-linux-x86_64-fedora-clang, r-devel-linux-x86_64-fedora-gcc, r-devel-windows-x86_64, r-patched-linux-x86_64, r-release-linux-x86_64, r-release-macos-arm64, r-release-windows-x86_64, r-oldrel-macos-arm64, r-oldrel-macos-x86_64, r-oldrel-windows-x86_64