Last updated on 2024-05-21 17:49:52 CEST.
Flavor | Version | Tinstall | Tcheck | Ttotal | Status | Flags |
---|---|---|---|---|---|---|
r-devel-linux-x86_64-debian-clang | 2.0.3 | 129.66 | 88.88 | 218.54 | NOTE | |
r-devel-linux-x86_64-debian-gcc | 2.0.3 | 95.64 | 63.51 | 159.15 | NOTE | |
r-devel-linux-x86_64-fedora-clang | 2.0.3 | 292.01 | NOTE | |||
r-devel-linux-x86_64-fedora-gcc | 2.0.3 | 314.95 | NOTE | |||
r-devel-windows-x86_64 | 2.0.3 | 101.00 | 98.00 | 199.00 | NOTE | |
r-patched-linux-x86_64 | 2.0.3 | 132.21 | 81.81 | 214.02 | NOTE | |
r-release-linux-x86_64 | 2.0.3 | 126.52 | 81.66 | 208.18 | NOTE | |
r-release-macos-arm64 | 2.0.3 | 64.00 | NOTE | |||
r-release-windows-x86_64 | 2.0.3 | 102.00 | 100.00 | 202.00 | NOTE | |
r-oldrel-macos-arm64 | 2.0.3 | 77.00 | NOTE | |||
r-oldrel-macos-x86_64 | 2.0.3 | 107.00 | NOTE | |||
r-oldrel-windows-x86_64 | 2.0.3 | 120.00 | 118.00 | 238.00 | NOTE |
Version: 2.0.3
Check: LazyData
Result: NOTE
'LazyData' is specified without a 'data' directory
Flavors: r-devel-linux-x86_64-debian-clang, r-devel-linux-x86_64-debian-gcc, r-devel-linux-x86_64-fedora-clang, r-devel-linux-x86_64-fedora-gcc, r-devel-windows-x86_64, r-patched-linux-x86_64, r-release-linux-x86_64, r-release-macos-arm64, r-release-windows-x86_64, r-oldrel-macos-arm64, r-oldrel-macos-x86_64, r-oldrel-windows-x86_64
Version: 2.0.3
Check: installed package size
Result: NOTE
installed size is 9.9Mb
sub-directories of 1Mb or more:
libs 9.6Mb
Flavors: r-release-macos-arm64, r-oldrel-macos-arm64, r-oldrel-macos-x86_64