Last updated on 2024-05-13 05:52:25 CEST.
Flavor | Version | Tinstall | Tcheck | Ttotal | Status | Flags |
---|---|---|---|---|---|---|
r-devel-linux-x86_64-debian-clang | 0.2-41 | 5.53 | 52.48 | 58.01 | NOTE | |
r-devel-linux-x86_64-debian-gcc | 0.2-41 | 4.87 | 37.86 | 42.73 | NOTE | |
r-devel-linux-x86_64-fedora-clang | 0.2-41 | 73.13 | NOTE | |||
r-devel-linux-x86_64-fedora-gcc | 0.2-41 | 69.55 | NOTE | |||
r-devel-windows-x86_64 | 0.2-41 | 6.00 | 69.00 | 75.00 | NOTE | |
r-patched-linux-x86_64 | 0.2-41 | 7.44 | 49.85 | 57.29 | NOTE | |
r-release-linux-x86_64 | 0.2-41 | 5.10 | 48.89 | 53.99 | NOTE | |
r-release-macos-arm64 | 0.2-41 | 25.00 | OK | |||
r-release-windows-x86_64 | 0.2-41 | 7.00 | 69.00 | 76.00 | NOTE | |
r-oldrel-macos-arm64 | 0.2-41 | 26.00 | OK | |||
r-oldrel-macos-x86_64 | 0.2-41 | 38.00 | OK | |||
r-oldrel-windows-x86_64 | 0.2-41 | 8.00 | 75.00 | 83.00 | OK |
Version: 0.2-41
Check: HTML version of manual
Result: NOTE
Found the following HTML validation problems:
bayes.lin.reg.html:27:32 (bayes.lin.reg.Rd:77): Warning: trimming empty <code>
bayes.lin.reg.html:32:32 (bayes.lin.reg.Rd:79): Warning: trimming empty <code>
Flavors: r-devel-linux-x86_64-debian-clang, r-devel-linux-x86_64-debian-gcc, r-devel-linux-x86_64-fedora-clang, r-devel-linux-x86_64-fedora-gcc, r-devel-windows-x86_64, r-patched-linux-x86_64, r-release-linux-x86_64, r-release-windows-x86_64