Last updated on 2024-05-21 11:53:26 CEST.
Flavor | Version | Tinstall | Tcheck | Ttotal | Status | Flags |
---|---|---|---|---|---|---|
r-devel-linux-x86_64-debian-clang | 1.0.0 | 2.04 | 26.19 | 28.23 | OK | |
r-devel-linux-x86_64-debian-gcc | 1.0.0 | 1.96 | 19.89 | 21.85 | OK | |
r-devel-linux-x86_64-fedora-clang | 1.0.0 | 36.06 | OK | |||
r-devel-linux-x86_64-fedora-gcc | 1.0.0 | 33.49 | OK | |||
r-devel-windows-x86_64 | 1.0.0 | 3.00 | 41.00 | 44.00 | OK | |
r-patched-linux-x86_64 | 1.0.0 | 2.67 | 25.07 | 27.74 | OK | |
r-release-linux-x86_64 | 1.0.0 | 2.55 | 25.14 | 27.69 | OK | |
r-release-macos-arm64 | 1.0.0 | 17.00 | OK | |||
r-release-windows-x86_64 | 1.0.0 | 3.00 | 44.00 | 47.00 | OK | |
r-oldrel-macos-arm64 | 1.0.0 | 18.00 | OK | |||
r-oldrel-macos-x86_64 | 1.0.0 | 21.00 | NOTE | |||
r-oldrel-windows-x86_64 | 1.0.0 | 3.00 | 44.00 | 47.00 | OK |
Version: 1.0.0
Check: package dependencies
Result: NOTE
Package suggested but not available for checking: ‘xgboost’
Flavor: r-oldrel-macos-x86_64